{"id":379,"date":"2018-10-30T11:23:35","date_gmt":"2018-10-30T14:23:35","guid":{"rendered":"https:\/\/pactonet.com.br\/pactoWP\/?page_id=379"},"modified":"2024-11-26T10:35:43","modified_gmt":"2024-11-26T13:35:43","slug":"financeiro","status":"publish","type":"page","link":"https:\/\/pactonet.com.br\/?page_id=379","title":{"rendered":"Gest\u00e3o Financeira"},"content":{"rendered":"\t\t<div data-elementor-type=\"wp-post\" data-elementor-id=\"379\" class=\"elementor elementor-379 elementor-bc-flex-widget\" data-elementor-post-type=\"page\">\n\t\t\t\t\t\t<section class=\"elementor-section elementor-inner-section elementor-element elementor-element-c83990e elementor-section-boxed elementor-section-height-default elementor-section-height-default\" data-id=\"c83990e\" data-element_type=\"section\">\n\t\t\t\t\t\t<div class=\"elementor-container elementor-column-gap-default\">\n\t\t\t\t\t<div class=\"elementor-column elementor-col-50 elementor-inner-column elementor-element elementor-element-6a5e195\" data-id=\"6a5e195\" data-element_type=\"column\">\n\t\t\t<div class=\"elementor-widget-wrap elementor-element-populated\">\n\t\t\t\t\t\t<div class=\"elementor-element elementor-element-6f38f32 elementor-widget elementor-widget-shortcode\" data-id=\"6f38f32\" data-element_type=\"widget\" data-widget_type=\"shortcode.default\">\n\t\t\t\t<div class=\"elementor-widget-container\">\n\t\t\t\t\t\t\t<div class=\"elementor-shortcode\">\t\t<div data-elementor-type=\"wp-post\" data-elementor-id=\"466\" class=\"elementor elementor-466 elementor-bc-flex-widget\" data-elementor-post-type=\"oceanwp_library\">\n\t\t\t\t\t\t<section class=\"elementor-section elementor-top-section elementor-element elementor-element-0c0869c elementor-section-boxed elementor-section-height-default elementor-section-height-default\" data-id=\"0c0869c\" data-element_type=\"section\">\n\t\t\t\t\t\t<div class=\"elementor-container elementor-column-gap-default\">\n\t\t\t\t\t<div class=\"elementor-column elementor-col-100 elementor-top-column elementor-element elementor-element-d07fa32\" data-id=\"d07fa32\" data-element_type=\"column\">\n\t\t\t<div class=\"elementor-widget-wrap elementor-element-populated\">\n\t\t\t\t\t\t<div class=\"elementor-element elementor-element-d9b11da qwp-page-nav elementor-widget elementor-widget-wp-widget-nav_menu\" data-id=\"d9b11da\" data-element_type=\"widget\" data-widget_type=\"wp-widget-nav_menu.default\">\n\t\t\t\t<div class=\"elementor-widget-container\">\n\t\t\t\t\t<div class=\"menu-menu-servicos-container\"><ul id=\"menu-menu-servicos\" class=\"menu\"><li id=\"menu-item-3553\" class=\"menu-item menu-item-type-post_type menu-item-object-page menu-item-3553\"><a href=\"https:\/\/pactonet.com.br\/?page_id=3541\">Gest\u00e3o Administrativa<\/a><\/li>\n<li id=\"menu-item-470\" class=\"menu-item menu-item-type-post_type menu-item-object-page menu-item-470\"><a href=\"https:\/\/pactonet.com.br\/?page_id=375\">Gest\u00e3o Cont\u00e1bil\/Fiscal<\/a><\/li>\n<li id=\"menu-item-472\" class=\"menu-item menu-item-type-post_type menu-item-object-page menu-item-472\"><a href=\"https:\/\/pactonet.com.br\/?page_id=379\">Gest\u00e3o Financeira<\/a><\/li>\n<li id=\"menu-item-3558\" class=\"menu-item menu-item-type-post_type menu-item-object-page menu-item-3558\"><a href=\"https:\/\/pactonet.com.br\/?page_id=3555\">Gest\u00e3o de Pessoal<\/a><\/li>\n<li id=\"menu-item-1559\" class=\"menu-item menu-item-type-post_type menu-item-object-page menu-item-1559\"><a href=\"https:\/\/pactonet.com.br\/?page_id=25\">Proposta<\/a><\/li>\n<\/ul><\/div>\t\t\t\t<\/div>\n\t\t\t\t<\/div>\n\t\t\t\t\t<\/div>\n\t\t<\/div>\n\t\t\t\t\t<\/div>\n\t\t<\/section>\n\t\t\t\t<\/div>\n\t\t<\/div>\n\t\t\t\t\t\t<\/div>\n\t\t\t\t<\/div>\n\t\t\t\t\t<\/div>\n\t\t<\/div>\n\t\t\t\t<div class=\"elementor-column elementor-col-50 elementor-inner-column elementor-element elementor-element-d7015ed\" data-id=\"d7015ed\" data-element_type=\"column\">\n\t\t\t<div class=\"elementor-widget-wrap elementor-element-populated\">\n\t\t\t\t\t\t<div class=\"elementor-element elementor-element-933406a qwp-el-span elementor-widget elementor-widget-heading\" data-id=\"933406a\" data-element_type=\"widget\" data-widget_type=\"heading.default\">\n\t\t\t\t<div class=\"elementor-widget-container\">\n\t\t\t\t\t<h1 class=\"elementor-heading-title elementor-size-default\">Gest\u00e3o Financeira<span>.<\/span><\/h1>\t\t\t\t<\/div>\n\t\t\t\t<\/div>\n\t\t\t\t<div class=\"elementor-element elementor-element-13e6ced elementor-widget elementor-widget-text-editor\" data-id=\"13e6ced\" data-element_type=\"widget\" data-widget_type=\"text-editor.default\">\n\t\t\t\t<div class=\"elementor-widget-container\">\n\t\t\t\t\t\t\t\t\t<p><span style=\"font-weight: 400;\">Administrar um condom\u00ednio inclui ter uma boa gest\u00e3o financeira, e para isso \u00e9 importante ter um \u00f3timo planejamento e transpar\u00eancia no uso dos recursos.<\/span><\/p><p><span style=\"font-weight: 400;\">A Pacto possui o setor financeiro que ajuda os s\u00edndicos a executarem essa fun\u00e7\u00e3o com excel\u00eancia.<\/span><\/p><p><span style=\"font-weight: 400;\">O setor faz o acompanhamento financeiro dos saldos, realiza o pagamento das obriga\u00e7\u00f5es, cria contas individuais para a capitaliza\u00e7\u00e3o de recursos, faz o controle financeiro de contratos e regulariza\u00e7\u00e3o de pend\u00eancias de t\u00edtulos banc\u00e1rios.<\/span><\/p><p><span style=\"font-weight: 400;\">A previs\u00e3o or\u00e7ament\u00e1ria \u00e9 uma das principais bases para uma boa gest\u00e3o condominial, \u00e9 o processo de an\u00e1lise e decis\u00e3o sobre como o dinheiro arrecadado pelo condom\u00ednio ser\u00e1 investido. A previs\u00e3o deve ser apresentada pelo s\u00edndico anualmente ao conselho fiscal e a assembleia geral. O setor financeiro da Pacto faz a previs\u00e3o junto ao s\u00edndico, levando em considera\u00e7\u00e3o as necessidades e compromissos do condom\u00ednio e dos moradores.<\/span><\/p><ul><li style=\"font-weight: 400;\"><span style=\"font-weight: 400;\">Acompanhamento financeiro dos saldos;<\/span><\/li><li style=\"font-weight: 400;\"><span style=\"font-weight: 400;\">Contas individuais para capitaliza\u00e7\u00e3o de recursos;<\/span><\/li><li style=\"font-weight: 400;\"><span style=\"font-weight: 400;\">Pagamentos das obriga\u00e7\u00f5es;<\/span><\/li><li style=\"font-weight: 400;\"><span style=\"font-weight: 400;\">Regulariza\u00e7\u00e3o de pend\u00eancias de t\u00edtulos banc\u00e1rios;<\/span><\/li><li style=\"font-weight: 400;\"><span style=\"font-weight: 400;\">Controle financeiro de contratos;<\/span><\/li><li style=\"font-weight: 400;\"><span style=\"font-weight: 400;\">Previs\u00e3o or\u00e7ament\u00e1ria.<\/span><\/li><\/ul><div>\u00a0<\/div>\t\t\t\t\t\t\t\t<\/div>\n\t\t\t\t<\/div>\n\t\t\t\t<div class=\"elementor-element elementor-element-3690527 qwp-el-span elementor-widget elementor-widget-heading\" data-id=\"3690527\" data-element_type=\"widget\" id=\"area-cobranca\" data-widget_type=\"heading.default\">\n\t\t\t\t<div class=\"elementor-widget-container\">\n\t\t\t\t\t<h2 class=\"elementor-heading-title elementor-size-default\">Cobran\u00e7a<span>.<\/span><\/h2>\t\t\t\t<\/div>\n\t\t\t\t<\/div>\n\t\t\t\t<div class=\"elementor-element elementor-element-92ec569 elementor-widget elementor-widget-text-editor\" data-id=\"92ec569\" data-element_type=\"widget\" data-widget_type=\"text-editor.default\">\n\t\t\t\t<div class=\"elementor-widget-container\">\n\t\t\t\t\t\t\t\t\t<p><span style=\"font-size: 15px;\">A \u00e1rea de cobran\u00e7a realiza contato com os cond\u00f4minos em atraso, buscando manter o pagamento das taxas em dia, atrav\u00e9s de negocia\u00e7\u00e3o para regulariza\u00e7\u00e3o do d\u00e9bito, envio dia 2\u00aa via, ou esclarecimento de d\u00favidas.<\/span><\/p><p>Al\u00e9m disso, agora \u00e9 poss\u00edvel o cond\u00f4mino negociar os d\u00e9bitos, parcelar as dividas atrav\u00e9s do cart\u00e3o de cr\u00e9dito, garantindo ao condom\u00ednio a recupera\u00e7\u00e3o de saldo.<\/p><p>Atrav\u00e9s de uma parceria com os principais bancos, o cond\u00f4mino pode cadastrar a taxa condominial em D\u00c9BITO AUTOM\u00c1TICO, facilitando assim seu dia a dia e garantindo que o condom\u00ednio mantenha em dias todas as despesas ordin\u00e1rias.<\/p><p>A Pacto possui uma parceria importante no processo de recupera\u00e7\u00e3o de saldo para os condom\u00ednios. Agora, a unidade que estiver em atraso com a taxa condominial poder\u00e1 ser negativada junto ao SPC. Assim, o condom\u00ednio receber\u00e1 todas as taxas condominiais em dia.<\/p><ul><li>Contato com as unidades impontuais;<\/li><li>Manter os dados cadastrais atualizados;<\/li><li>Realizar o cadastro da taxa condominial para compensa\u00e7\u00e3o via d\u00e9bito autom\u00e1tico;<\/li><li>Emiss\u00e3o da procura\u00e7\u00e3o para iniciar a cobran\u00e7a judicial das unidades sem retorno para a devida quita\u00e7\u00e3o dos d\u00e9bitos.<\/li><\/ul>\t\t\t\t\t\t\t\t<\/div>\n\t\t\t\t<\/div>\n\t\t\t\t\t<\/div>\n\t\t<\/div>\n\t\t\t\t\t<\/div>\n\t\t<\/section>\n\t\t\t\t<\/div>\n\t\t","protected":false},"excerpt":{"rendered":"<p>Gest\u00e3o Financeira. Administrar um condom\u00ednio inclui ter uma boa gest\u00e3o financeira, e para isso \u00e9 importante ter um \u00f3timo planejamento e transpar\u00eancia no uso dos recursos. A Pacto possui o setor financeiro que ajuda os s\u00edndicos a executarem essa fun\u00e7\u00e3o com excel\u00eancia. O setor faz o acompanhamento financeiro dos saldos, realiza o pagamento das obriga\u00e7\u00f5es, [&hellip;]<\/p>\n","protected":false},"author":7,"featured_media":0,"parent":21,"menu_order":0,"comment_status":"closed","ping_status":"closed","template":"","meta":{"ocean_post_layout":"","ocean_both_sidebars_style":"","ocean_both_sidebars_content_width":0,"ocean_both_sidebars_sidebars_width":0,"ocean_sidebar":"0","ocean_second_sidebar":"0","ocean_disable_margins":"enable","ocean_add_body_class":"","ocean_shortcode_before_top_bar":"","ocean_shortcode_after_top_bar":"","ocean_shortcode_before_header":"","ocean_shortcode_after_header":"","ocean_has_shortcode":"","ocean_shortcode_after_title":"","ocean_shortcode_before_footer_widgets":"","ocean_shortcode_after_footer_widgets":"","ocean_shortcode_before_footer_bottom":"","ocean_shortcode_after_footer_bottom":"","ocean_display_top_bar":"default","ocean_display_header":"default","ocean_header_style":"","ocean_center_header_left_menu":"0","ocean_custom_header_template":"0","ocean_custom_logo":0,"ocean_custom_retina_logo":0,"ocean_custom_logo_max_width":0,"ocean_custom_logo_tablet_max_width":0,"ocean_custom_logo_mobile_max_width":0,"ocean_custom_logo_max_height":0,"ocean_custom_logo_tablet_max_height":0,"ocean_custom_logo_mobile_max_height":0,"ocean_header_custom_menu":"0","ocean_menu_typo_font_family":"0","ocean_menu_typo_font_subset":"","ocean_menu_typo_font_size":0,"ocean_menu_typo_font_size_tablet":0,"ocean_menu_typo_font_size_mobile":0,"ocean_menu_typo_font_size_unit":"px","ocean_menu_typo_font_weight":"","ocean_menu_typo_font_weight_tablet":"","ocean_menu_typo_font_weight_mobile":"","ocean_menu_typo_transform":"","ocean_menu_typo_transform_tablet":"","ocean_menu_typo_transform_mobile":"","ocean_menu_typo_line_height":0,"ocean_menu_typo_line_height_tablet":0,"ocean_menu_typo_line_height_mobile":0,"ocean_menu_typo_line_height_unit":"","ocean_menu_typo_spacing":0,"ocean_menu_typo_spacing_tablet":0,"ocean_menu_typo_spacing_mobile":0,"ocean_menu_typo_spacing_unit":"","ocean_menu_link_color":"","ocean_menu_link_color_hover":"","ocean_menu_link_color_active":"","ocean_menu_link_background":"","ocean_menu_link_hover_background":"","ocean_menu_link_active_background":"","ocean_menu_social_links_bg":"","ocean_menu_social_hover_links_bg":"","ocean_menu_social_links_color":"","ocean_menu_social_hover_links_color":"","ocean_disable_title":"default","ocean_disable_heading":"default","ocean_post_title":"","ocean_post_subheading":"","ocean_post_title_style":"","ocean_post_title_background_color":"","ocean_post_title_background":0,"ocean_post_title_bg_image_position":"","ocean_post_title_bg_image_attachment":"","ocean_post_title_bg_image_repeat":"","ocean_post_title_bg_image_size":"","ocean_post_title_height":0,"ocean_post_title_bg_overlay":0.5,"ocean_post_title_bg_overlay_color":"","ocean_disable_breadcrumbs":"default","ocean_breadcrumbs_color":"","ocean_breadcrumbs_separator_color":"","ocean_breadcrumbs_links_color":"","ocean_breadcrumbs_links_hover_color":"","ocean_display_footer_widgets":"default","ocean_display_footer_bottom":"default","ocean_custom_footer_template":"0","footnotes":""},"class_list":["post-379","page","type-page","status-publish","hentry","entry"],"yoast_head":"<!-- This site is optimized with the Yoast SEO plugin v24.5 - https:\/\/yoast.com\/wordpress\/plugins\/seo\/ -->\r\n<title>Gest\u00e3o Financeira - PACTO Administradora de Condom\u00ednios<\/title>\r\n<meta name=\"robots\" content=\"index, follow, max-snippet:-1, max-image-preview:large, max-video-preview:-1\" \/>\r\n<link rel=\"canonical\" href=\"https:\/\/pactonet.com.br\/?page_id=379\" \/>\r\n<meta property=\"og:locale\" content=\"pt_BR\" \/>\r\n<meta property=\"og:type\" content=\"article\" \/>\r\n<meta property=\"og:title\" content=\"Gest\u00e3o Financeira - PACTO Administradora de Condom\u00ednios\" \/>\r\n<meta property=\"og:description\" content=\"Gest\u00e3o Financeira. Administrar um condom\u00ednio inclui ter uma boa gest\u00e3o financeira, e para isso \u00e9 importante ter um \u00f3timo planejamento e transpar\u00eancia no uso dos recursos. A Pacto possui o setor financeiro que ajuda os s\u00edndicos a executarem essa fun\u00e7\u00e3o com excel\u00eancia. O setor faz o acompanhamento financeiro dos saldos, realiza o pagamento das obriga\u00e7\u00f5es, [&hellip;]\" \/>\r\n<meta property=\"og:url\" content=\"https:\/\/pactonet.com.br\/?page_id=379\" \/>\r\n<meta property=\"og:site_name\" content=\"PACTO Administradora de Condom\u00ednios\" \/>\r\n<meta property=\"article:publisher\" content=\"https:\/\/www.facebook.com\/PactoAdministradora\" \/>\r\n<meta property=\"article:modified_time\" content=\"2024-11-26T13:35:43+00:00\" \/>\r\n<meta property=\"og:image\" content=\"https:\/\/pactonet.com.br\/pactoWP\/wp-content\/uploads\/2022\/06\/pacto-simbolos-A4-adesivos.png\" \/>\r\n\t<meta property=\"og:image:width\" content=\"5512\" \/>\r\n\t<meta property=\"og:image:height\" content=\"5512\" \/>\r\n\t<meta property=\"og:image:type\" content=\"image\/png\" \/>\r\n<meta name=\"twitter:card\" content=\"summary_large_image\" \/>\r\n<meta name=\"twitter:site\" content=\"@pactoadm\" \/>\r\n<meta name=\"twitter:label1\" content=\"Est. tempo de leitura\" \/>\n\t<meta name=\"twitter:data1\" content=\"2 minutos\" \/>\r\n<script type=\"application\/ld+json\" class=\"yoast-schema-graph\">{\"@context\":\"https:\/\/schema.org\",\"@graph\":[{\"@type\":\"WebPage\",\"@id\":\"https:\/\/pactonet.com.br\/?page_id=379\",\"url\":\"https:\/\/pactonet.com.br\/?page_id=379\",\"name\":\"Gest\u00e3o Financeira - PACTO Administradora de Condom\u00ednios\",\"isPartOf\":{\"@id\":\"https:\/\/pactonet.com.br\/#website\"},\"datePublished\":\"2018-10-30T14:23:35+00:00\",\"dateModified\":\"2024-11-26T13:35:43+00:00\",\"breadcrumb\":{\"@id\":\"https:\/\/pactonet.com.br\/?page_id=379#breadcrumb\"},\"inLanguage\":\"pt-BR\",\"potentialAction\":[{\"@type\":\"ReadAction\",\"target\":[\"https:\/\/pactonet.com.br\/?page_id=379\"]}]},{\"@type\":\"BreadcrumbList\",\"@id\":\"https:\/\/pactonet.com.br\/?page_id=379#breadcrumb\",\"itemListElement\":[{\"@type\":\"ListItem\",\"position\":1,\"name\":\"In\u00edcio\",\"item\":\"https:\/\/pactonet.com.br\/\"},{\"@type\":\"ListItem\",\"position\":2,\"name\":\"Servi\u00e7os\",\"item\":\"https:\/\/pactonet.com.br\/?page_id=21\"},{\"@type\":\"ListItem\",\"position\":3,\"name\":\"Gest\u00e3o Financeira\"}]},{\"@type\":\"WebSite\",\"@id\":\"https:\/\/pactonet.com.br\/#website\",\"url\":\"https:\/\/pactonet.com.br\/\",\"name\":\"PACTO Administradora de Condom\u00ednios\",\"description\":\"39 anos de experi\u00eancia em Administra\u00e7\u00e3o Condominial. Gest\u00e3o de Condom\u00ednios Eficiente, Inovadora e Transparente.\",\"publisher\":{\"@id\":\"https:\/\/pactonet.com.br\/#organization\"},\"alternateName\":\"pactonet.com.br\",\"potentialAction\":[{\"@type\":\"SearchAction\",\"target\":{\"@type\":\"EntryPoint\",\"urlTemplate\":\"https:\/\/pactonet.com.br\/?s={search_term_string}\"},\"query-input\":{\"@type\":\"PropertyValueSpecification\",\"valueRequired\":true,\"valueName\":\"search_term_string\"}}],\"inLanguage\":\"pt-BR\"},{\"@type\":\"Organization\",\"@id\":\"https:\/\/pactonet.com.br\/#organization\",\"name\":\"PACTO & Co\",\"url\":\"https:\/\/pactonet.com.br\/\",\"logo\":{\"@type\":\"ImageObject\",\"inLanguage\":\"pt-BR\",\"@id\":\"https:\/\/pactonet.com.br\/#\/schema\/logo\/image\/\",\"url\":\"https:\/\/pactonet.com.br\/pactoWP\/wp-content\/uploads\/2022\/06\/PACTO-grupo.png\",\"contentUrl\":\"https:\/\/pactonet.com.br\/pactoWP\/wp-content\/uploads\/2022\/06\/PACTO-grupo.png\",\"width\":850,\"height\":191,\"caption\":\"PACTO & Co\"},\"image\":{\"@id\":\"https:\/\/pactonet.com.br\/#\/schema\/logo\/image\/\"},\"sameAs\":[\"https:\/\/www.facebook.com\/PactoAdministradora\",\"https:\/\/x.com\/pactoadm\",\"https:\/\/www.instagram.com\/pactoadministradora\/\",\"https:\/\/www.linkedin.com\/company\/pacto-administradora\/\",\"https:\/\/www.youtube.com\/channel\/UCFz66Tf3nKExnbRt_NCK_hw\/\"]}]}<\/script>\r\n<!-- \/ Yoast SEO plugin. -->","yoast_head_json":{"title":"Gest\u00e3o Financeira - PACTO Administradora de Condom\u00ednios","robots":{"index":"index","follow":"follow","max-snippet":"max-snippet:-1","max-image-preview":"max-image-preview:large","max-video-preview":"max-video-preview:-1"},"canonical":"https:\/\/pactonet.com.br\/?page_id=379","og_locale":"pt_BR","og_type":"article","og_title":"Gest\u00e3o Financeira - PACTO Administradora de Condom\u00ednios","og_description":"Gest\u00e3o Financeira. Administrar um condom\u00ednio inclui ter uma boa gest\u00e3o financeira, e para isso \u00e9 importante ter um \u00f3timo planejamento e transpar\u00eancia no uso dos recursos. A Pacto possui o setor financeiro que ajuda os s\u00edndicos a executarem essa fun\u00e7\u00e3o com excel\u00eancia. O setor faz o acompanhamento financeiro dos saldos, realiza o pagamento das obriga\u00e7\u00f5es, [&hellip;]","og_url":"https:\/\/pactonet.com.br\/?page_id=379","og_site_name":"PACTO Administradora de Condom\u00ednios","article_publisher":"https:\/\/www.facebook.com\/PactoAdministradora","article_modified_time":"2024-11-26T13:35:43+00:00","og_image":[{"width":5512,"height":5512,"url":"https:\/\/pactonet.com.br\/pactoWP\/wp-content\/uploads\/2022\/06\/pacto-simbolos-A4-adesivos.png","type":"image\/png"}],"twitter_card":"summary_large_image","twitter_site":"@pactoadm","twitter_misc":{"Est. tempo de leitura":"2 minutos"},"schema":{"@context":"https:\/\/schema.org","@graph":[{"@type":"WebPage","@id":"https:\/\/pactonet.com.br\/?page_id=379","url":"https:\/\/pactonet.com.br\/?page_id=379","name":"Gest\u00e3o Financeira - PACTO Administradora de Condom\u00ednios","isPartOf":{"@id":"https:\/\/pactonet.com.br\/#website"},"datePublished":"2018-10-30T14:23:35+00:00","dateModified":"2024-11-26T13:35:43+00:00","breadcrumb":{"@id":"https:\/\/pactonet.com.br\/?page_id=379#breadcrumb"},"inLanguage":"pt-BR","potentialAction":[{"@type":"ReadAction","target":["https:\/\/pactonet.com.br\/?page_id=379"]}]},{"@type":"BreadcrumbList","@id":"https:\/\/pactonet.com.br\/?page_id=379#breadcrumb","itemListElement":[{"@type":"ListItem","position":1,"name":"In\u00edcio","item":"https:\/\/pactonet.com.br\/"},{"@type":"ListItem","position":2,"name":"Servi\u00e7os","item":"https:\/\/pactonet.com.br\/?page_id=21"},{"@type":"ListItem","position":3,"name":"Gest\u00e3o Financeira"}]},{"@type":"WebSite","@id":"https:\/\/pactonet.com.br\/#website","url":"https:\/\/pactonet.com.br\/","name":"PACTO Administradora de Condom\u00ednios","description":"39 anos de experi\u00eancia em Administra\u00e7\u00e3o Condominial. Gest\u00e3o de Condom\u00ednios Eficiente, Inovadora e Transparente.","publisher":{"@id":"https:\/\/pactonet.com.br\/#organization"},"alternateName":"pactonet.com.br","potentialAction":[{"@type":"SearchAction","target":{"@type":"EntryPoint","urlTemplate":"https:\/\/pactonet.com.br\/?s={search_term_string}"},"query-input":{"@type":"PropertyValueSpecification","valueRequired":true,"valueName":"search_term_string"}}],"inLanguage":"pt-BR"},{"@type":"Organization","@id":"https:\/\/pactonet.com.br\/#organization","name":"PACTO & Co","url":"https:\/\/pactonet.com.br\/","logo":{"@type":"ImageObject","inLanguage":"pt-BR","@id":"https:\/\/pactonet.com.br\/#\/schema\/logo\/image\/","url":"https:\/\/pactonet.com.br\/pactoWP\/wp-content\/uploads\/2022\/06\/PACTO-grupo.png","contentUrl":"https:\/\/pactonet.com.br\/pactoWP\/wp-content\/uploads\/2022\/06\/PACTO-grupo.png","width":850,"height":191,"caption":"PACTO & Co"},"image":{"@id":"https:\/\/pactonet.com.br\/#\/schema\/logo\/image\/"},"sameAs":["https:\/\/www.facebook.com\/PactoAdministradora","https:\/\/x.com\/pactoadm","https:\/\/www.instagram.com\/pactoadministradora\/","https:\/\/www.linkedin.com\/company\/pacto-administradora\/","https:\/\/www.youtube.com\/channel\/UCFz66Tf3nKExnbRt_NCK_hw\/"]}]}},"_links":{"self":[{"href":"https:\/\/pactonet.com.br\/index.php?rest_route=\/wp\/v2\/pages\/379","targetHints":{"allow":["GET"]}}],"collection":[{"href":"https:\/\/pactonet.com.br\/index.php?rest_route=\/wp\/v2\/pages"}],"about":[{"href":"https:\/\/pactonet.com.br\/index.php?rest_route=\/wp\/v2\/types\/page"}],"author":[{"embeddable":true,"href":"https:\/\/pactonet.com.br\/index.php?rest_route=\/wp\/v2\/users\/7"}],"replies":[{"embeddable":true,"href":"https:\/\/pactonet.com.br\/index.php?rest_route=%2Fwp%2Fv2%2Fcomments&post=379"}],"version-history":[{"count":13,"href":"https:\/\/pactonet.com.br\/index.php?rest_route=\/wp\/v2\/pages\/379\/revisions"}],"predecessor-version":[{"id":3723,"href":"https:\/\/pactonet.com.br\/index.php?rest_route=\/wp\/v2\/pages\/379\/revisions\/3723"}],"up":[{"embeddable":true,"href":"https:\/\/pactonet.com.br\/index.php?rest_route=\/wp\/v2\/pages\/21"}],"wp:attachment":[{"href":"https:\/\/pactonet.com.br\/index.php?rest_route=%2Fwp%2Fv2%2Fmedia&parent=379"}],"curies":[{"name":"wp","href":"https:\/\/api.w.org\/{rel}","templated":true}]}}